 -29)?
-39
Calculate -11 + 6 + (25 - 33 - 28).
-41
What is -14 + (-10 - (12 - (-11 + 17)) - -6)?
-24
(-46 - -93) + -45 + (3 - (8 + -2) - -1)
0
What is the value of 14 - -34 - (-37 - -90)?
-5
-89 + 88 - (-2 - -2 - 11)
10
What is the value of 7 + 0 + (-11 - (4 - 11)) + -88 + 169?
84
What is the value of -62 - (-1 + 4) - (-18 + 62 + -23 - 10)?
-76
What is -2089 + 2106 + 37 + -4 + -1?
49
Calculate 94 + 2 + -2 - (-56 + (85 + -41 - -8)).
98
What is the value of -66 - -29 - -42 - -17?
22
-4 - ((-11 - 9) + -16 + 19) - 8
5
What is (-44 - (-110 - 32)) + -52?
46
What is the value of -4 - -8 - (-41 - (4 + -17))?
32
What is -49 + -18 + 64 + (2 + -96 - (-11 - -8))?
-94
What is 11 - (-11 - ((25 - 10) + (-36 - -9) + 9))?
19
Calculate -19 + -18 + 18 + -44 + 124.
61
Calculate 73 + (7 - 5) + 18 + 0 + -10.
83
Evaluate 900 + -902 - (-41 - -1).
38
Evaluate -40 - (27 + -24 + -22) - 41.
-62
3 + (14 - 2) - (-15 + 21 - -34 - 34)
9
2 - (-130 - -75 - -19)
38
Evaluate 2 - 4 - (-55 + 8 + -6).
51
Evaluate -292 - -280 - (-2 + -5 + (4 - 2) - 1).
-6
Evaluate 8 + (11 - (2 + 0)) + 22 + -7 + -4.
28
81 + 1 - (-40 + -15 - (-230 + 178))
85
What is the value of -6 - 0 - -30 - (44 - -4)?
-24
Evaluate (-131 - (-77 + -40)) + (-15 - 1).
-30
What is the value of (9 + (-25 - -13) - 13 - -18) + 89?
91
What is 1 + (57 - (116 + -124))?
66
44 + ((1 - 5) + 7 - 4)
43
Evaluate (118 - 92) + (-16 - 6).
4
82 - (-7 + (12 + -16 + 16 - -2))
75
What is (-7 + 11 + 28 - 33) + 23?
22
Evaluate 21 - (19 - (26 + (-10 - 2))).
16
What is the value of (83 + -57 - (-3 + -32)) + 17?
78
What is the value of 79 - (-18 + 56) - 16?
25
Calculate -11 + 18 + (-63 - -20) + 17.
-19
Evaluate 17 + -19 + (-49 - 52).
-103
What is -14 + (-1 - (36 + -24 - 9))?
-18
Calculate (-72 - -96) + -64 + (1 - -13) - -8.
-18
What is -4 + (-32 - (-16 + 24 + -3) - 5)?
-46
79 - -2 - (-7 + 20 + 0 + (523 - 540))
85
Evaluate 0 + 24 + (-116 - -121 - 85).
-56
What is -14 + 23 + (-11 - -8) - (-1 + (9 - -1))?
-3
What is 11 + 9 + (-6 - 11) + -12 + 6?
-3
What is -18 + (2 + 1 + 6 - 19) + -2?
-30
Calculate -11 + 20 - ((-2 - -4 - 2) + -1).
10
Evaluate 5 - (13 - (-8 + (2 - (-1 - 9)))).
-4
Calculate 55 - (7 + 44) - 45.
-41
What is the value of (-15 - -34) + -34 - (-8 - -3)?
-10
What is the value of -2037 - -2045 - (89 + -3 - -3)?
-81
What is 6 - (1 + 2) - -3 - (-4012 - -4077)?
-59
What is 21 + (29 - (20 + 9)) + -6 - (-1 + -72)?
88
(-68 - -55 - 57) + 57
-13
What is the value of -102 + (23 - 5 - 39) + 27?
-96
What is the value of 69 + -60 + (-2 - (2 - ((-1 - -2) + -5)))?
1
What is (131 + -21 - (-4 + (20 - 13) + 11)) + -2?
94
What is 91 - (-23 + (64 - 78) + (-4 - -2) + 29)?
101
What is (-70 - (-16 - -1)) + 22 - -14?
-19
What is -7 + 106 + 2 + -6 + -13 + 8 + 1?
91
What is the value of 5 + -2 - 4 - (52 + (-22 - (1 - 3)))?
-33
(-3 - -71) + 930 + -969
29
What is the value of (965 + -958 + 0 + (0 - -1) - 10) + -30?
-32
Evaluate 3 + (0 - 8 - (49 - 36 - -25)).
-43
Calculate 0 + -2 - -29 - (-16 - (34 + -29 + -20)).
28
What is the value of 23 + (50 - 26 - 29) - (0 - 0)?
18
What is 2273 + -2285 - ((-4 - -4) + 0 + 7)?
-19
102 - 0 - (76 + -70 + -40)
136
Evaluate -21 + (-5 - -5) + (-7 + -7 - (-6 + 0)).
-29
Calculate 71 + -83 + -22 + 19.
-15
Calculate (-41 - -8 - -14) + 102 - 9.
74
4 + -2 + 47 + -44 + 16
21
Evaluate -14 + (21 + -23 - -5) - (2 + -43).
30
What is the value of 9 - ((43 - 19 - 21) + 2 + -3 + 0)?
7
-26 + 26 + 27 + -1
26
Calculate (-25 - -1) + 620 + -623 - (1 - -16).
-44
Evaluate -25 + 64 + -8 + -63.
-32
Calculate -5 + 2 + (16 + -26 - -61).
48
Calculate 30 + (-29 - (-6 + 5)).
2
Calculate (55 - 18) + -33 - (-2 + 36).
-30
Calculate 3 - (-2 + 6 + -9 + 7 + (1 - 53)).
53
Calculate -4 + 2 + 0 - (17 + 32 + 4 + -2).
-53
What is (-1 - 3) + -9 - ((27 - 25) + 27)?
-42
What is the value of -2 + -9 + (-47 - -22) - 20?
-56
(-2 - -69) + (16 - (31 + 24) - -28)
56
Calculate (-8 - (-2 + -29) - 85) + 7.
-55
What is -7 + -31 - (-215 - -138)?
39
Calculate -13 + (-31 + 75 - 28).
3
136 - (54 - (90 - 169))
3
What is (22 - (32 - 8)) + -115 - -40?
-77
Evaluate (-63 - 0) + 115 + (-176 - -82).
-42
What is (19 + -38 - 7) + 46 + 24?
44
Evaluate (22 - (75 + -10)) + (-1 - 4) + 1.
-47
Evaluate -236 + 238 + 40 + 7 + (-4 - -1).
46
Evaluate (3 - 64 - -1) + (40 + -10 - (16 - -18)).
-64
What is (-41 - (5 - (-10 - -47))) + 53 + 2 + -2?
44
Evaluate 11 + (2 + -10 - -6) + -4 + -61.
-56
Evaluate (20 - -70) + -201 - -93.
-18
Calculate -25 + -5 + 12 - (9 + (-3 + 3 - 3)).
-24
What is 6 - (0 + 8 + (-11 - 12))?
21
(22 - 18 - 9) + 98 - -15
108
What is the value of (5 - (14 + -7)) + (-10 - -11) + 31?
30
Evaluate -42 - (-20 - (13 - -31)).
22
Evaluate -15 - -39 - 47 - -18.
-5
What is the value of (-49 - -13 - (-12 - -9)) + (-12 - -2)?
-43
-4 + (1 - (-18 - 2)) + -4350 + 4333
0
What is the value of (1 - 10) + (1966 + -2002 - (-44 + 0))?
-1
(-4 + 1 - 0) + 2 - -10 - (-6 - -43)
-28
What is the value of (-9 - -31 - (55 + -3 + -12)) + 29?
11
Calculate 5 - ((15 - 2) + 3 - 10) - -3.
2
Evaluate 5 + (7 + -4 - 9) - (74 + -4 - 9).
-62
What is the value of (13 - (-12 + 8 + -4 + 10 + -8)) + 14?
33
What is -845 - -796 - (-3 + (2 - -30))?
-78
What is the value of 190 + -231 + 51 + (1 + -2 - -37) + 0?
46
(11 - 2) + (-24 + 2 - -3) - (-2 + 4)
-12
What is the value of (6474 - 6469) + (-2 - (-2 - -48))?
-43
Calculate (-37 + 23 - 0 - 0) + 59.
45
69 - (12 - 6 - (17 + (-2 - -6) - 5))
79
(0 - (-4 - (4 + -4))) + -6 + 133 + -51
80
What is the value of 56 + -5 - (54 + 71)?
-74
-13 + 1 + 1705 + -1733
-40
Calculate (45 - (9 - 8)) + -8 + (-10 - -9).
35
Evaluate -6 + -5 + (18 - 37) + 38.
8
Calculate 61 - ((-6 + 21 - -1) + -10).
55
Evaluate 61 - (-214 - -206 - (2 + -30)).
41
What is the value of 15 + 6 + 70 + 3 - (-12 + 31)?
75
What is (16 - 3) + -21 + (-12 - (-102 - -14))?
68
What is the value of (114 - -10) + -13 - (88 + -75)?
98
Evaluate (0 - 6) + (-20 - -56) + 7.
37
Evaluate 12 + 58 + (-147 - -98).
21
Calculate 1 + 1 + (72 - 48) - 20.
6
What is (20 - (14 - -15)) + 2 - (49 + 2 - -2)?
-60
Calculate -5 + (211 - 213 - (9 + 1) - 3).
-20
Calculate -78 - (-62 - 6) - -67.
57
What is 245 + -245 + (-5 - -4) + 53?
52
Evaluate 2404 - 2450 - (2 + 0 - 22).
-26
What is (-8 - -1 - (-401 - -383)) + -2 + -1 + 5?
13
Evaluate 35 - ((0 - -20) + (4 - (4 - (-6 + -6)))).
27
Evaluate 58 + -137 - (4 - (-1 - -7)) - -1.
-76
What is the value of 4 - (-1 + -2) - (1 - (55 - 50))?
11
What is the value of 0 - -2 - 10 - (14 + 7 + -22 + -46)?
39
-123 - -125 - (0 + 16) - -51
37
(-5 + -4 - (-4 + -1)) + 12 + 0 - -25
33
Calculate 361 + -348 - (20 - 2).
-5
What is the value of (6 - 5 - 7) + 2 - (-89 + 13 + 0)?
72
What is -9 + -3 + (0 - (-6 + 4)) + (-444 - -573)?
119
What is the value of -9 - (-117 + (27 - -98) - (-1 + 69 + -1))?
50
Evaluate -57 + -2 - (392 + -264 - 158).
-29
Evaluate -25 + (10 - 80 - -51).
-44
What is 49 - (141 - (82 - -131))?
121
(3 - ((-3 - (-9 - -11)) + -1)) + -50 - -14
-27
What is -8 + (15 - -1) + (74 - 122)?
-40
15 - ((3 - -1) + (252 - 155))
-86
What is (9 + -14 - 10) + (-3 - (16 - 8))?
-26
(8 - (8 + (10 - -5) + -8 + -2)) + 43
38
What is the value of 25 - (118 - 116 - -79)?
-56
-34 + -19 + 93 - 22
18
(35 - 0) + 22 + (-17 + 1 - 13)
28
What is the value of 69 - ((25 + -19 - (3 - -4)) + 13)?
57
What is the value of 1 + (-3 - -6) - (-19 - (-9 + 8 + 69))?
91
Evaluate -13 + (-24 + 19 - (-2 - 3)) + -30.
-43
80 - (59 + 99 - 27)
-51
What is -4 + 40 - (-76 + 98) - -11?
25
What is (-25 - (116 + -96)) + 73?
28
What is -280 - -295 - (-2 + 2 - 2)?
17
Calculate -15 - (19 - (-33 - (-42 + 10))).
-35
What is the value of -25 - (-86 - -61 - (9 - -3))?
12
-11 + (-28 - (38 + -51)) - -71
45
-37 + (11 - 53 - -84)
5
What is the value of (-399 - -363) + (3 - (-20 - -1))?
-14
What is the value of (10 - 12) + -5 + 1 + 5 + 121?
120
4 - ((-138 + 75 - 1) + 1 + -1)
68
What is 6 - -11 - (-7 + 23 - 39) - (-3 + 0)?
43
Evaluate -141 + 24 - (-12 - 61).
-44
What is -37 + (14 - (-28 + 37))?
-32
1 + -2 + 0 - (-8 - (-3 + -85 + 28))
-53
Calculate (-3 - (2 - (2 - (-4 - 70)))) + (-521 - -512).
62
Evaluate -13 + 13 - (-8 + -124) - (14 - (9 - 7)).
120
What is the value of (792 - 750) + (4 - (21 - -1))?
24
57 + -74 + 24 + 16 + (-1 - -6)
28
What is the value of 39 - 0 - (-12 + (-11 - (-21 + -3)) + 9)?
29
What is 31 + (9 - 17) - (9 + 29)?
-15
2 + 54 + -11 + 5 - (5 + -1)
46
What is -24 + 11 - (8 + -14 - 